{"version":"1.0","provider_name":"Gonzalo Anaya","provider_url":"https:\/\/www.gonzaloanaya.com\/es\/","author_name":"Gonzalo Anaya","author_url":"https:\/\/www.gonzaloanaya.com\/es\/author\/gonzalo-anaya\/","title":"Pedimos una reuni\u00f3n con el Conseller Marz\u00e0 por la falta de profesorado | Gonzalo Anaya","type":"rich","width":600,"height":338,"html":"<blockquote class=\"wp-embedded-content\" data-secret=\"gUSpG0WjtP\"><a href=\"https:\/\/www.gonzaloanaya.com\/es\/2018\/11\/05\/demanem-reunio-conseller-marza-falta-professorat\/\">Pedimos una reuni\u00f3n con el Conseller Marz\u00e0 por la falta de profesorado<\/a><\/blockquote><iframe sandbox=\"allow-scripts\" security=\"restricted\" src=\"https:\/\/www.gonzaloanaya.com\/es\/2018\/11\/05\/demanem-reunio-conseller-marza-falta-professorat\/embed\/#?secret=gUSpG0WjtP\" width=\"600\" height=\"338\" title=\"\u00abPedimos una reuni\u00f3n con el Conseller Marz\u00e0 por la falta de profesorado\u00bb \u2014 Gonzalo Anaya\" data-secret=\"gUSpG0WjtP\" frameborder=\"0\" marginwidth=\"0\" marginheight=\"0\" scrolling=\"no\" class=\"wp-embedded-content\"><\/iframe><script type=\"text\/javascript\">\n\/*! This file is auto-generated *\/\n!function(c,d){\"use strict\";var e=!1,o=!1;if(d.querySelector)if(c.addEventListener)e=!0;if(c.wp=c.wp||{},c.wp.receiveEmbedMessage);else if(c.wp.receiveEmbedMessage=function(e){var t=e.data;if(!t);else if(!(t.secret||t.message||t.value));else if(\/[^a-zA-Z0-9]\/.test(t.secret));else{for(var r,s,a,i=d.querySelectorAll('iframe[data-secret=\"'+t.secret+'\"]'),n=d.querySelectorAll('blockquote[data-secret=\"'+t.secret+'\"]'),o=new RegExp(\"^https?:$\",\"i\"),l=0;l<n.length;l++)n[l].style.display=\"none\";for(l=0;l<i.length;l++)if(r=i[l],e.source!==r.contentWindow);else{if(r.removeAttribute(\"style\"),\"height\"===t.message){if(1e3<(s=parseInt(t.value,10)))s=1e3;else if(~~s<200)s=200;r.height=s}if(\"link\"===t.message)if(s=d.createElement(\"a\"),a=d.createElement(\"a\"),s.href=r.getAttribute(\"src\"),a.href=t.value,!o.test(a.protocol));else if(a.host===s.host)if(d.activeElement===r)c.top.location.href=t.value}}},e)c.addEventListener(\"message\",c.wp.receiveEmbedMessage,!1),d.addEventListener(\"DOMContentLoaded\",t,!1),c.addEventListener(\"load\",t,!1);function t(){if(o);else{o=!0;for(var e,t,r,s=-1!==navigator.appVersion.indexOf(\"MSIE 10\"),a=!!navigator.userAgent.match(\/Trident.*rv:11\\.\/),i=d.querySelectorAll(\"iframe.wp-embedded-content\"),n=0;n<i.length;n++){if(!(r=(t=i[n]).getAttribute(\"data-secret\")))r=Math.random().toString(36).substr(2,10),t.src+=\"#?secret=\"+r,t.setAttribute(\"data-secret\",r);if(s||a)(e=t.cloneNode(!0)).removeAttribute(\"security\"),t.parentNode.replaceChild(e,t);t.contentWindow.postMessage({message:\"ready\",secret:r},\"*\")}}}}(window,document);\n<\/script>\n","thumbnail_url":"https:\/\/www.gonzaloanaya.com\/wp-content\/uploads\/2016\/05\/clase_participacion.jpg","thumbnail_width":909,"thumbnail_height":527,"description":"Cuando ya ha transcurrido casi dos meses desde que se iniciaron las clases de este curso, todav\u00eda hay demasiados centros a los que le faltan profesores en diferentes asignaturas. Las m\u00e1s recurrentes sin profesorado son las de valenciano y matem\u00e1ticas. Para las familias de la Confederaci\u00f3n de AMPA Gonzalo Anaya, la m\u00e1s numerosa de la escuela p\u00fablica, la falta de profesorado en los centros p\u00fablicos pone en peligro la calidad de la ense\u00f1anza p\u00fablica, ya que el alumnado recibe una educaci\u00f3n deficitaria con clases no impartidas durante largos per\u00edodos de tiempo. Esta situaci\u00f3n se aleja de la educaci\u00f3n p\u00fablica que queremos para nuestros hijos e hijas. Por eso, reivindicamos m\u00e1s recursos personales para solucionar las carencias que tienen muchos centros del Pa\u00eds Valenci\u00e0. \u201cLas familias hemos solicitado una reuni\u00f3n urgente con el Conseller d\u2019Educaci\u00f3, Vicente Marz\u00e0, para tratar este punto como prioritario porque no entendemos que centenares de ni\u00f1os y ni\u00f1as est\u00e9n sin recibir clases de diferentes asignaturas, ralentizando su aprendizaje\u201d, indica el Presidente de la Confederaci\u00f3n, Txomin Ang\u00f3s. Queremos que los procedimientos para la cobertura de las plazas vacantes y de las bajas sean m\u00e1s \u00e1giles, que las incorporaciones sean r\u00e1pidas y por profesionales cualificados y motivados. S\u00f3lo as\u00ed [&hellip;]"}

Pedimos una reunión con el Conseller Marzà por la falta de profesorado | Gonzalo Anaya

<blockquote class="wp-embedded-content" data-secret="gUSpG0WjtP"><a href="https://www.gonzaloanaya.com/es/2018/11/05/demanem-reunio-conseller-marza-falta-professorat/">Pedimos una reunión con el Conseller Marzà por la falta de profesorado</a></blockquote><iframe sandbox="allow-scripts" security="restricted" src="https://www.gonzaloanaya.com/es/2018/11/05/demanem-reunio-conseller-marza-falta-professorat/embed/#?secret=gUSpG0WjtP" width="600" height="338" title="«Pedimos una reunión con el Conseller Marzà por la falta de profesorado» — Gonzalo Anaya" data-secret="gUSpG0WjtP" frameborder="0" marginwidth="0" marginheight="0" scrolling="no" class="wp-embedded-content"></iframe><script type="text/javascript">
/*! This file is auto-generated */
!function(c,d){"use strict";var e=!1,o=!1;if(d.querySelector)if(c.addEventListener)e=!0;if(c.wp=c.wp||{},c.wp.receiveEmbedMessage);else if(c.wp.receiveEmbedMessage=function(e){var t=e.data;if(!t);else if(!(t.secret||t.message||t.value));else if(/[^a-zA-Z0-9]/.test(t.secret));else{for(var r,s,a,i=d.querySelectorAll('iframe[data-secret="'+t.secret+'"]'),n=d.querySelectorAll('blockquote[data-secret="'+t.secret+'"]'),o=new RegExp("^https?:$","i"),l=0;l<n.length;l++)n[l].style.display="none";for(l=0;l<i.length;l++)if(r=i[l],e.source!==r.contentWindow);else{if(r.removeAttribute("style"),"height"===t.message){if(1e3<(s=parseInt(t.value,10)))s=1e3;else if(~~s<200)s=200;r.height=s}if("link"===t.message)if(s=d.createElement("a"),a=d.createElement("a"),s.href=r.getAttribute("src"),a.href=t.value,!o.test(a.protocol));else if(a.host===s.host)if(d.activeElement===r)c.top.location.href=t.value}}},e)c.addEventListener("message",c.wp.receiveEmbedMessage,!1),d.addEventListener("DOMContentLoaded",t,!1),c.addEventListener("load",t,!1);function t(){if(o);else{o=!0;for(var e,t,r,s=-1!==navigator.appVersion.indexOf("MSIE 10"),a=!!navigator.userAgent.match(/Trident.*rv:11\./),i=d.querySelectorAll("iframe.wp-embedded-content"),n=0;n<i.length;n++){if(!(r=(t=i[n]).getAttribute("data-secret")))r=Math.random().toString(36).substr(2,10),t.src+="#?secret="+r,t.setAttribute("data-secret",r);if(s||a)(e=t.cloneNode(!0)).removeAttribute("security"),t.parentNode.replaceChild(e,t);t.contentWindow.postMessage({message:"ready",secret:r},"*")}}}}(window,document);
</script>

Cuando ya ha transcurrido casi dos meses desde que se iniciaron las clases de este curso, todavía hay demasiados centros a los que le faltan profesores en diferentes asignaturas. Las más recurrentes sin profesorado son las de valenciano y matemáticas. Para las familias de la Confederación de AMPA Gonzalo Anaya, la más numerosa de la escuela pública, la falta de profesorado en los centros públicos pone en peligro la calidad de la enseñanza pública, ya que el alumnado recibe una educación deficitaria con clases no impartidas durante largos períodos de tiempo. Esta situación se aleja de la educación pública que queremos para nuestros hijos e hijas. Por eso, reivindicamos más recursos personales para solucionar las carencias que tienen muchos centros del País Valencià. “Las familias hemos solicitado una reunión urgente con el Conseller d’Educació, Vicente Marzà, para tratar este punto como prioritario porque no entendemos que centenares de niños y niñas estén sin recibir clases de diferentes asignaturas, ralentizando su aprendizaje”, indica el Presidente de la Confederación, Txomin Angós. Queremos que los procedimientos para la cobertura de las plazas vacantes y de las bajas sean más ágiles, que las incorporaciones sean rápidas y por profesionales cualificados y motivados. Sólo así [&hellip;]
