{"id":6581,"date":"2018-06-25T13:36:41","date_gmt":"2018-06-25T12:36:41","guid":{"rendered":"http:\/\/www.gonzaloanaya.com\/wp-content\/uploads\/2018\/06\/2018-06-21_Amplia-termi-ajudes-Educacio-Infantil..pdf"},"modified":"2018-06-25T13:36:41","modified_gmt":"2018-06-25T12:36:41","slug":"2018-06-21_amplia-termi-ajudes-educacio-infantil-2","status":"inherit","type":"attachment","link":"http:\/\/www.gonzaloanaya.com\/es\/2018\/06\/25\/atencio-families-samplia-termini-ajudes-d-educacio-infantil\/2018-06-21_amplia-termi-ajudes-educacio-infantil-2\/","title":{"rendered":"2018-06-21_Amplia termi ajudes Educacio Infantil."},"author":5,"comment_status":"closed","ping_status":"closed","template":"","meta":[],"yoast_head":"<!-- This site is optimized with the Yoast SEO plugin v19.2 - https:\/\/yoast.com\/wordpress\/plugins\/seo\/ -->\n<title>2018-06-21_Amplia termi ajudes Educacio Infantil. | Gonzalo Anaya<\/title>\n<meta name=\"robots\" content=\"index, follow, max-snippet:-1, max-image-preview:large, max-video-preview:-1\" \/>\n<link rel=\"canonical\" href=\"http:\/\/www.gonzaloanaya.com\/wp-content\/uploads\/2018\/06\/2018-06-21_Amplia-termi-ajudes-Educacio-Infantil..pdf\" \/>\n<meta property=\"og:locale\" content=\"es_ES\" \/>\n<meta property=\"og:type\" content=\"article\" \/>\n<meta property=\"og:title\" content=\"2018-06-21_Amplia termi ajudes Educacio Infantil. | Gonzalo Anaya\" \/>\n<meta property=\"og:description\" content=\"2018-06-21_Amplia termi ajudes Educacio Infantil.\" \/>\n<meta property=\"og:url\" content=\"http:\/\/www.gonzaloanaya.com\/wp-content\/uploads\/2018\/06\/2018-06-21_Amplia-termi-ajudes-Educacio-Infantil..pdf\" \/>\n<meta property=\"og:site_name\" content=\"Gonzalo Anaya\" \/>\n<meta property=\"article:publisher\" content=\"https:\/\/www.facebook.com\/confederacio.gonzaloanaya\" \/>\n<meta name=\"author\" content=\"Gonzalo Anaya\" \/>\n<meta name=\"twitter:card\" content=\"summary\" \/>\n<script type=\"application\/ld+json\" class=\"yoast-schema-graph\">{\"@context\":\"https:\/\/schema.org\",\"@graph\":[{\"@type\":\"WebSite\",\"@id\":\"https:\/\/www.gonzaloanaya.com\/es\/#website\",\"url\":\"https:\/\/www.gonzaloanaya.com\/es\/\",\"name\":\"Gonzalo Anaya\",\"description\":\"Confederaci\u00f3n de Asociaciones de Padres y Madres de Alumnos de la Comunidad Valenciana \\\"Gonzalo Anaya\\\" \",\"potentialAction\":[{\"@type\":\"SearchAction\",\"target\":{\"@type\":\"EntryPoint\",\"urlTemplate\":\"https:\/\/www.gonzaloanaya.com\/es\/?s={search_term_string}\"},\"query-input\":\"required name=search_term_string\"}],\"inLanguage\":\"es\"},{\"@type\":\"WebPage\",\"@id\":\"http:\/\/www.gonzaloanaya.com\/wp-content\/uploads\/2018\/06\/2018-06-21_Amplia-termi-ajudes-Educacio-Infantil..pdf#webpage\",\"url\":\"http:\/\/www.gonzaloanaya.com\/wp-content\/uploads\/2018\/06\/2018-06-21_Amplia-termi-ajudes-Educacio-Infantil..pdf\",\"name\":\"2018-06-21_Amplia termi ajudes Educacio Infantil. | Gonzalo Anaya\",\"isPartOf\":{\"@id\":\"https:\/\/www.gonzaloanaya.com\/es\/#website\"},\"datePublished\":\"2018-06-25T12:36:41+00:00\",\"dateModified\":\"2018-06-25T12:36:41+00:00\",\"breadcrumb\":{\"@id\":\"http:\/\/www.gonzaloanaya.com\/wp-content\/uploads\/2018\/06\/2018-06-21_Amplia-termi-ajudes-Educacio-Infantil..pdf#breadcrumb\"},\"inLanguage\":\"es\",\"potentialAction\":[{\"@type\":\"ReadAction\",\"target\":[\"http:\/\/www.gonzaloanaya.com\/wp-content\/uploads\/2018\/06\/2018-06-21_Amplia-termi-ajudes-Educacio-Infantil..pdf\"]}]},{\"@type\":\"BreadcrumbList\",\"@id\":\"http:\/\/www.gonzaloanaya.com\/wp-content\/uploads\/2018\/06\/2018-06-21_Amplia-termi-ajudes-Educacio-Infantil..pdf#breadcrumb\",\"itemListElement\":[{\"@type\":\"ListItem\",\"position\":1,\"name\":\"Inici\",\"item\":\"https:\/\/www.gonzaloanaya.com\/es\/\"},{\"@type\":\"ListItem\",\"position\":2,\"name\":\"Atenci\u00f3n familias: se ampl\u00eda el plazo para las ayudas de Educaci\u00f3n Infantil\",\"item\":\"https:\/\/www.gonzaloanaya.com\/es\/2018\/06\/25\/atencio-families-samplia-termini-ajudes-d-educacio-infantil\/\"},{\"@type\":\"ListItem\",\"position\":3,\"name\":\"2018-06-21_Amplia termi ajudes Educacio Infantil.\"}]}]}<\/script>\n<!-- \/ Yoast SEO plugin. -->","yoast_head_json":{"title":"2018-06-21_Amplia termi ajudes Educacio Infantil. | Gonzalo Anaya","robots":{"index":"index","follow":"follow","max-snippet":"max-snippet:-1","max-image-preview":"max-image-preview:large","max-video-preview":"max-video-preview:-1"},"canonical":"http:\/\/www.gonzaloanaya.com\/wp-content\/uploads\/2018\/06\/2018-06-21_Amplia-termi-ajudes-Educacio-Infantil..pdf","og_locale":"es_ES","og_type":"article","og_title":"2018-06-21_Amplia termi ajudes Educacio Infantil. | Gonzalo Anaya","og_description":"2018-06-21_Amplia termi ajudes Educacio Infantil.","og_url":"http:\/\/www.gonzaloanaya.com\/wp-content\/uploads\/2018\/06\/2018-06-21_Amplia-termi-ajudes-Educacio-Infantil..pdf","og_site_name":"Gonzalo Anaya","article_publisher":"https:\/\/www.facebook.com\/confederacio.gonzaloanaya","author":"Gonzalo Anaya","twitter_card":"summary","schema":{"@context":"https:\/\/schema.org","@graph":[{"@type":"WebSite","@id":"https:\/\/www.gonzaloanaya.com\/es\/#website","url":"https:\/\/www.gonzaloanaya.com\/es\/","name":"Gonzalo Anaya","description":"Confederaci\u00f3n de Asociaciones de Padres y Madres de Alumnos de la Comunidad Valenciana \"Gonzalo Anaya\" ","potentialAction":[{"@type":"SearchAction","target":{"@type":"EntryPoint","urlTemplate":"https:\/\/www.gonzaloanaya.com\/es\/?s={search_term_string}"},"query-input":"required name=search_term_string"}],"inLanguage":"es"},{"@type":"WebPage","@id":"http:\/\/www.gonzaloanaya.com\/wp-content\/uploads\/2018\/06\/2018-06-21_Amplia-termi-ajudes-Educacio-Infantil..pdf#webpage","url":"http:\/\/www.gonzaloanaya.com\/wp-content\/uploads\/2018\/06\/2018-06-21_Amplia-termi-ajudes-Educacio-Infantil..pdf","name":"2018-06-21_Amplia termi ajudes Educacio Infantil. | Gonzalo Anaya","isPartOf":{"@id":"https:\/\/www.gonzaloanaya.com\/es\/#website"},"datePublished":"2018-06-25T12:36:41+00:00","dateModified":"2018-06-25T12:36:41+00:00","breadcrumb":{"@id":"http:\/\/www.gonzaloanaya.com\/wp-content\/uploads\/2018\/06\/2018-06-21_Amplia-termi-ajudes-Educacio-Infantil..pdf#breadcrumb"},"inLanguage":"es","potentialAction":[{"@type":"ReadAction","target":["http:\/\/www.gonzaloanaya.com\/wp-content\/uploads\/2018\/06\/2018-06-21_Amplia-termi-ajudes-Educacio-Infantil..pdf"]}]},{"@type":"BreadcrumbList","@id":"http:\/\/www.gonzaloanaya.com\/wp-content\/uploads\/2018\/06\/2018-06-21_Amplia-termi-ajudes-Educacio-Infantil..pdf#breadcrumb","itemListElement":[{"@type":"ListItem","position":1,"name":"Inici","item":"https:\/\/www.gonzaloanaya.com\/es\/"},{"@type":"ListItem","position":2,"name":"Atenci\u00f3n familias: se ampl\u00eda el plazo para las ayudas de Educaci\u00f3n Infantil","item":"https:\/\/www.gonzaloanaya.com\/es\/2018\/06\/25\/atencio-families-samplia-termini-ajudes-d-educacio-infantil\/"},{"@type":"ListItem","position":3,"name":"2018-06-21_Amplia termi ajudes Educacio Infantil."}]}]}},"description":{"rendered":"<p class=\"attachment\"><a href='http:\/\/www.gonzaloanaya.com\/wp-content\/uploads\/2018\/06\/2018-06-21_Amplia-termi-ajudes-Educacio-Infantil..pdf'>2018-06-21_Amplia termi ajudes Educacio Infantil.<\/a><\/p>\n"},"caption":{"rendered":"<p>2018-06-21_Amplia termi ajudes Educacio Infantil.<\/p>\n"},"alt_text":"","media_type":"file","mime_type":"application\/pdf","media_details":{},"post":6583,"source_url":"http:\/\/www.gonzaloanaya.com\/wp-content\/uploads\/2018\/06\/2018-06-21_Amplia-termi-ajudes-Educacio-Infantil..pdf","_links":{"self":[{"href":"http:\/\/www.gonzaloanaya.com\/es\/wp-json\/wp\/v2\/media\/6581"}],"collection":[{"href":"http:\/\/www.gonzaloanaya.com\/es\/wp-json\/wp\/v2\/media"}],"about":[{"href":"http:\/\/www.gonzaloanaya.com\/es\/wp-json\/wp\/v2\/types\/attachment"}],"author":[{"embeddable":true,"href":"http:\/\/www.gonzaloanaya.com\/es\/wp-json\/wp\/v2\/users\/5"}],"replies":[{"embeddable":true,"href":"http:\/\/www.gonzaloanaya.com\/es\/wp-json\/wp\/v2\/comments?post=6581"}]}}

<!-- This site is optimized with the Yoast SEO plugin v19.2 - https://yoast.com/wordpress/plugins/seo/ -->
<title>2018-06-21_Amplia termi ajudes Educacio Infantil. | Gonzalo Anaya</title>
<meta name="robots" content="index, follow, max-snippet:-1, max-image-preview:large, max-video-preview:-1" />
<link rel="canonical" href="http://www.gonzaloanaya.com/wp-content/uploads/2018/06/2018-06-21_Amplia-termi-ajudes-Educacio-Infantil..pdf" />
<meta property="og:locale" content="es_ES" />
<meta property="og:type" content="article" />
<meta property="og:title" content="2018-06-21_Amplia termi ajudes Educacio Infantil. | Gonzalo Anaya" />
<meta property="og:description" content="2018-06-21_Amplia termi ajudes Educacio Infantil." />
<meta property="og:url" content="http://www.gonzaloanaya.com/wp-content/uploads/2018/06/2018-06-21_Amplia-termi-ajudes-Educacio-Infantil..pdf" />
<meta property="og:site_name" content="Gonzalo Anaya" />
<meta property="article:publisher" content="https://www.facebook.com/confederacio.gonzaloanaya" />
<meta name="author" content="Gonzalo Anaya" />
<meta name="twitter:card" content="summary" />
<script type="application/ld+json" class="yoast-schema-graph">{"@context":"https://schema.org","@graph":[{"@type":"WebSite","@id":"https://www.gonzaloanaya.com/es/#website","url":"https://www.gonzaloanaya.com/es/","name":"Gonzalo Anaya","description":"Confederación de Asociaciones de Padres y Madres de Alumnos de la Comunidad Valenciana \"Gonzalo Anaya\" ","potentialAction":[{"@type":"SearchAction","target":{"@type":"EntryPoint","urlTemplate":"https://www.gonzaloanaya.com/es/?s={search_term_string}"},"query-input":"required name=search_term_string"}],"inLanguage":"es"},{"@type":"WebPage","@id":"http://www.gonzaloanaya.com/wp-content/uploads/2018/06/2018-06-21_Amplia-termi-ajudes-Educacio-Infantil..pdf#webpage","url":"http://www.gonzaloanaya.com/wp-content/uploads/2018/06/2018-06-21_Amplia-termi-ajudes-Educacio-Infantil..pdf","name":"2018-06-21_Amplia termi ajudes Educacio Infantil. | Gonzalo Anaya","isPartOf":{"@id":"https://www.gonzaloanaya.com/es/#website"},"datePublished":"2018-06-25T12:36:41+00:00","dateModified":"2018-06-25T12:36:41+00:00","breadcrumb":{"@id":"http://www.gonzaloanaya.com/wp-content/uploads/2018/06/2018-06-21_Amplia-termi-ajudes-Educacio-Infantil..pdf#breadcrumb"},"inLanguage":"es","potentialAction":[{"@type":"ReadAction","target":["http://www.gonzaloanaya.com/wp-content/uploads/2018/06/2018-06-21_Amplia-termi-ajudes-Educacio-Infantil..pdf"]}]},{"@type":"BreadcrumbList","@id":"http://www.gonzaloanaya.com/wp-content/uploads/2018/06/2018-06-21_Amplia-termi-ajudes-Educacio-Infantil..pdf#breadcrumb","itemListElement":[{"@type":"ListItem","position":1,"name":"Inici","item":"https://www.gonzaloanaya.com/es/"},{"@type":"ListItem","position":2,"name":"Atención familias: se amplía el plazo para las ayudas de Educación Infantil","item":"https://www.gonzaloanaya.com/es/2018/06/25/atencio-families-samplia-termini-ajudes-d-educacio-infantil/"},{"@type":"ListItem","position":3,"name":"2018-06-21_Amplia termi ajudes Educacio Infantil."}]}]}</script>
<!-- / Yoast SEO plugin. -->

Confederación de Asociaciones de Padres y Madres de Alumnos de la Comunidad Valenciana "Gonzalo Anaya"

Atención familias: se amplía el plazo para las ayudas de Educación Infantil
