{"version":"1.0","provider_name":"Gonzalo Anaya","provider_url":"http:\/\/www.gonzaloanaya.com\/es\/","author_name":"Gonzalo Anaya","author_url":"http:\/\/www.gonzaloanaya.com\/es\/author\/gonzalo-anaya\/","title":"Sin coeducaci\u00f3n no hay convivencia | Gonzalo Anaya","type":"rich","width":600,"height":338,"html":"<blockquote class=\"wp-embedded-content\" data-secret=\"NpwMp6z48J\"><a href=\"http:\/\/www.gonzaloanaya.com\/es\/2026\/01\/05\/sin-coeducacion-no-hay-convivencia\/\">Sin coeducaci\u00f3n no hay convivencia<\/a><\/blockquote><iframe sandbox=\"allow-scripts\" security=\"restricted\" src=\"http:\/\/www.gonzaloanaya.com\/es\/2026\/01\/05\/sin-coeducacion-no-hay-convivencia\/embed\/#?secret=NpwMp6z48J\" width=\"600\" height=\"338\" title=\"\u00abSin coeducaci\u00f3n no hay convivencia\u00bb \u2014 Gonzalo Anaya\" data-secret=\"NpwMp6z48J\" frameborder=\"0\" marginwidth=\"0\" marginheight=\"0\" scrolling=\"no\" class=\"wp-embedded-content\"><\/iframe><script type=\"text\/javascript\">\n\/*! This file is auto-generated *\/\n!function(c,d){\"use strict\";var e=!1,o=!1;if(d.querySelector)if(c.addEventListener)e=!0;if(c.wp=c.wp||{},c.wp.receiveEmbedMessage);else if(c.wp.receiveEmbedMessage=function(e){var t=e.data;if(!t);else if(!(t.secret||t.message||t.value));else if(\/[^a-zA-Z0-9]\/.test(t.secret));else{for(var r,s,a,i=d.querySelectorAll('iframe[data-secret=\"'+t.secret+'\"]'),n=d.querySelectorAll('blockquote[data-secret=\"'+t.secret+'\"]'),o=new RegExp(\"^https?:$\",\"i\"),l=0;l<n.length;l++)n[l].style.display=\"none\";for(l=0;l<i.length;l++)if(r=i[l],e.source!==r.contentWindow);else{if(r.removeAttribute(\"style\"),\"height\"===t.message){if(1e3<(s=parseInt(t.value,10)))s=1e3;else if(~~s<200)s=200;r.height=s}if(\"link\"===t.message)if(s=d.createElement(\"a\"),a=d.createElement(\"a\"),s.href=r.getAttribute(\"src\"),a.href=t.value,!o.test(a.protocol));else if(a.host===s.host)if(d.activeElement===r)c.top.location.href=t.value}}},e)c.addEventListener(\"message\",c.wp.receiveEmbedMessage,!1),d.addEventListener(\"DOMContentLoaded\",t,!1),c.addEventListener(\"load\",t,!1);function t(){if(o);else{o=!0;for(var e,t,r,s=-1!==navigator.appVersion.indexOf(\"MSIE 10\"),a=!!navigator.userAgent.match(\/Trident.*rv:11\\.\/),i=d.querySelectorAll(\"iframe.wp-embedded-content\"),n=0;n<i.length;n++){if(!(r=(t=i[n]).getAttribute(\"data-secret\")))r=Math.random().toString(36).substr(2,10),t.src+=\"#?secret=\"+r,t.setAttribute(\"data-secret\",r);if(s||a)(e=t.cloneNode(!0)).removeAttribute(\"security\"),t.parentNode.replaceChild(e,t);t.contentWindow.postMessage({message:\"ready\",secret:r},\"*\")}}}}(window,document);\n<\/script>\n","thumbnail_url":"https:\/\/www.gonzaloanaya.com\/wp-content\/uploads\/2026\/01\/coeducar.jpg","thumbnail_width":940,"thumbnail_height":788,"description":"Advierten que el nuevo Decreto de Convivencia invisibiliza la violencia de g\u00e9nero en las aulas valencianas Cerca de 80 entidades firman un comunicado de protesta contra el Decreto de Convivencia de la Conselleria d\u2019Educaci\u00f3 que entra en vigor este mes. Entre las firmantes, la Confederaci\u00f3 Gonzalo Anaya, FAMPA; los sindicatos de la ense\u00f1anza, STEPV, Intersindical Valenciana,CCOO de l\u2019Ensenyament o UGT, as\u00ed como el Institut Interuniversitari d\u2019Estudis de les Dones de la Universitat de Val\u00e8ncia; tambi\u00e9n est\u00e1n asociaciones de gran importancia para la igualdad como la Asociaci\u00f3n Profesional de Agentes de Igualdad, la Coordinadora Feminista de Val\u00e8ncia, o la Federaci\u00f3 Dones Progressistes, entre otras. VAL\u00c8NCIA \u2013 La comunidad educativa valenciana se enfrenta a un cambio de paradigma con la entrada en vigor, el pr\u00f3ximo 7 de enero, del Decreto 193\/2025 de convivencia. Sin embargo, lo que se presenta como una actualizaci\u00f3n normativa ha encendido las alarmas de la Associaci\u00f3 per la Coeducaci\u00f3 de Val\u00e8ncia, que denuncia un retroceso alarmante en materia de igualdad y una desprotecci\u00f3n evidente ante las violencias machistas en el entorno escolar. La entidad sostiene que el nuevo texto desplaza la coeducaci\u00f3n de su lugar como eje vertebrador para convertirla en una menci\u00f3n meramente testimonial. Al diluir la [&hellip;]"}

Sin coeducación no hay convivencia | Gonzalo Anaya

<blockquote class="wp-embedded-content" data-secret="NpwMp6z48J"><a href="http://www.gonzaloanaya.com/es/2026/01/05/sin-coeducacion-no-hay-convivencia/">Sin coeducación no hay convivencia</a></blockquote><iframe sandbox="allow-scripts" security="restricted" src="http://www.gonzaloanaya.com/es/2026/01/05/sin-coeducacion-no-hay-convivencia/embed/#?secret=NpwMp6z48J" width="600" height="338" title="«Sin coeducación no hay convivencia» — Gonzalo Anaya" data-secret="NpwMp6z48J" frameborder="0" marginwidth="0" marginheight="0" scrolling="no" class="wp-embedded-content"></iframe><script type="text/javascript">
/*! This file is auto-generated */
!function(c,d){"use strict";var e=!1,o=!1;if(d.querySelector)if(c.addEventListener)e=!0;if(c.wp=c.wp||{},c.wp.receiveEmbedMessage);else if(c.wp.receiveEmbedMessage=function(e){var t=e.data;if(!t);else if(!(t.secret||t.message||t.value));else if(/[^a-zA-Z0-9]/.test(t.secret));else{for(var r,s,a,i=d.querySelectorAll('iframe[data-secret="'+t.secret+'"]'),n=d.querySelectorAll('blockquote[data-secret="'+t.secret+'"]'),o=new RegExp("^https?:$","i"),l=0;l<n.length;l++)n[l].style.display="none";for(l=0;l<i.length;l++)if(r=i[l],e.source!==r.contentWindow);else{if(r.removeAttribute("style"),"height"===t.message){if(1e3<(s=parseInt(t.value,10)))s=1e3;else if(~~s<200)s=200;r.height=s}if("link"===t.message)if(s=d.createElement("a"),a=d.createElement("a"),s.href=r.getAttribute("src"),a.href=t.value,!o.test(a.protocol));else if(a.host===s.host)if(d.activeElement===r)c.top.location.href=t.value}}},e)c.addEventListener("message",c.wp.receiveEmbedMessage,!1),d.addEventListener("DOMContentLoaded",t,!1),c.addEventListener("load",t,!1);function t(){if(o);else{o=!0;for(var e,t,r,s=-1!==navigator.appVersion.indexOf("MSIE 10"),a=!!navigator.userAgent.match(/Trident.*rv:11\./),i=d.querySelectorAll("iframe.wp-embedded-content"),n=0;n<i.length;n++){if(!(r=(t=i[n]).getAttribute("data-secret")))r=Math.random().toString(36).substr(2,10),t.src+="#?secret="+r,t.setAttribute("data-secret",r);if(s||a)(e=t.cloneNode(!0)).removeAttribute("security"),t.parentNode.replaceChild(e,t);t.contentWindow.postMessage({message:"ready",secret:r},"*")}}}}(window,document);
</script>

Advierten que el nuevo Decreto de Convivencia invisibiliza la violencia de género en las aulas valencianas Cerca de 80 entidades firman un comunicado de protesta contra el Decreto de Convivencia de la Conselleria d’Educació que entra en vigor este mes. Entre las firmantes, la Confederació Gonzalo Anaya, FAMPA; los sindicatos de la enseñanza, STEPV, Intersindical Valenciana,CCOO de l’Ensenyament o UGT, así como el Institut Interuniversitari d’Estudis de les Dones de la Universitat de València; también están asociaciones de gran importancia para la igualdad como la Asociación Profesional de Agentes de Igualdad, la Coordinadora Feminista de València, o la Federació Dones Progressistes, entre otras. VALÈNCIA – La comunidad educativa valenciana se enfrenta a un cambio de paradigma con la entrada en vigor, el próximo 7 de enero, del Decreto 193/2025 de convivencia. Sin embargo, lo que se presenta como una actualización normativa ha encendido las alarmas de la Associació per la Coeducació de València, que denuncia un retroceso alarmante en materia de igualdad y una desprotección evidente ante las violencias machistas en el entorno escolar. La entidad sostiene que el nuevo texto desplaza la coeducación de su lugar como eje vertebrador para convertirla en una mención meramente testimonial. Al diluir la [&hellip;]
