{"version":"1.0","provider_name":"Gonzalo Anaya","provider_url":"http:\/\/www.gonzaloanaya.com\/es\/","author_name":"Gonzalo Anaya","author_url":"http:\/\/www.gonzaloanaya.com\/es\/author\/gonzalo-anaya\/","title":"La junta, trabajando por la escuela inclusiva | Gonzalo Anaya","type":"rich","width":600,"height":338,"html":"<blockquote class=\"wp-embedded-content\" data-secret=\"AaxsxuSGth\"><a href=\"http:\/\/www.gonzaloanaya.com\/es\/2019\/02\/05\/junta-trabajando-por-escuela-inclusiva\/\">La junta, trabajando por la escuela inclusiva<\/a><\/blockquote><iframe sandbox=\"allow-scripts\" security=\"restricted\" src=\"http:\/\/www.gonzaloanaya.com\/es\/2019\/02\/05\/junta-trabajando-por-escuela-inclusiva\/embed\/#?secret=AaxsxuSGth\" width=\"600\" height=\"338\" title=\"\u00abLa junta, trabajando por la escuela inclusiva\u00bb \u2014 Gonzalo Anaya\" data-secret=\"AaxsxuSGth\" frameborder=\"0\" marginwidth=\"0\" marginheight=\"0\" scrolling=\"no\" class=\"wp-embedded-content\"><\/iframe><script type=\"text\/javascript\">\n\/*! This file is auto-generated *\/\n!function(c,d){\"use strict\";var e=!1,o=!1;if(d.querySelector)if(c.addEventListener)e=!0;if(c.wp=c.wp||{},c.wp.receiveEmbedMessage);else if(c.wp.receiveEmbedMessage=function(e){var t=e.data;if(!t);else if(!(t.secret||t.message||t.value));else if(\/[^a-zA-Z0-9]\/.test(t.secret));else{for(var r,s,a,i=d.querySelectorAll('iframe[data-secret=\"'+t.secret+'\"]'),n=d.querySelectorAll('blockquote[data-secret=\"'+t.secret+'\"]'),o=new RegExp(\"^https?:$\",\"i\"),l=0;l<n.length;l++)n[l].style.display=\"none\";for(l=0;l<i.length;l++)if(r=i[l],e.source!==r.contentWindow);else{if(r.removeAttribute(\"style\"),\"height\"===t.message){if(1e3<(s=parseInt(t.value,10)))s=1e3;else if(~~s<200)s=200;r.height=s}if(\"link\"===t.message)if(s=d.createElement(\"a\"),a=d.createElement(\"a\"),s.href=r.getAttribute(\"src\"),a.href=t.value,!o.test(a.protocol));else if(a.host===s.host)if(d.activeElement===r)c.top.location.href=t.value}}},e)c.addEventListener(\"message\",c.wp.receiveEmbedMessage,!1),d.addEventListener(\"DOMContentLoaded\",t,!1),c.addEventListener(\"load\",t,!1);function t(){if(o);else{o=!0;for(var e,t,r,s=-1!==navigator.appVersion.indexOf(\"MSIE 10\"),a=!!navigator.userAgent.match(\/Trident.*rv:11\\.\/),i=d.querySelectorAll(\"iframe.wp-embedded-content\"),n=0;n<i.length;n++){if(!(r=(t=i[n]).getAttribute(\"data-secret\")))r=Math.random().toString(36).substr(2,10),t.src+=\"#?secret=\"+r,t.setAttribute(\"data-secret\",r);if(s||a)(e=t.cloneNode(!0)).removeAttribute(\"security\"),t.parentNode.replaceChild(e,t);t.contentWindow.postMessage({message:\"ready\",secret:r},\"*\")}}}}(window,document);\n<\/script>\n","thumbnail_url":"http:\/\/www.gonzaloanaya.com\/wp-content\/uploads\/2019\/02\/REUNIO-JUNTA-FEBRER-2019.jpg","thumbnail_width":1600,"thumbnail_height":1200,"description":"La junta directiva se reuni\u00f3 este fin de semana para tratar temas que preocupan a las familias de la escuela p\u00fablica. Como punto central, la inclusi\u00f3n y la nueva ley.\u00a0Queremos una escuela inclusiva real. Desde de la Confederaci\u00f3n Gonzalo\u00a0Anaya consideramos que todos los ni\u00f1os y ni\u00f1as tienen derecho a una educaci\u00f3n p\u00fablica de calidad. Las asociaciones de padres y madres nos hacen llegar quejas concretas sobre la falta de recursos en los centros ordinarios para atender los que necesitan m\u00e1s apoyos. Uno de los puntos en los cuales hemos insistido en los \u00faltimos a\u00f1os es la falta de educadores para las aulas\u00a0CYL\u00a0en las tres provincias. Los plazos para cubrir las plazas son demasiado largos para unos ni\u00f1os y ni\u00f1as que necesitan atenci\u00f3n contin\u00faa. Adem\u00e1s, el alta rotaci\u00f3n de los profesionales que est\u00e1n en estas aulas hace dif\u00edcil el avance del alumnado, m\u00e1xime cuando la mayor\u00eda se encuentran dentro del trastorno del espectro autista, y precisamente el que m\u00e1s necesitan son rutinas y un personal estable para aportarlos seguridad y poder avanzar. \u201cLa integraci\u00f3n del\u00a0alumnado que necesita m\u00e1s apoyo no puede quedarse escrito en un papel como es el decreto y la nueva orden de inclusi\u00f3n, tiene que ser real en [&hellip;]"}

La junta directiva se reunió este fin de semana para tratar temas que preocupan a las familias de la escuela pública. Como punto central, la inclusión y la nueva ley. Queremos una escuela inclusiva real. Desde de la Confederación Gonzalo Anaya consideramos que todos los niños y niñas tienen derecho a una educación pública de calidad. Las asociaciones de padres y madres nos hacen llegar quejas concretas sobre la falta de recursos en los centros ordinarios para atender los que necesitan más apoyos. Uno de los puntos en los cuales hemos insistido en los últimos años es la falta de educadores para las aulas CYL en las tres provincias. Los plazos para cubrir las plazas son demasiado largos para unos niños y niñas que necesitan atención continúa. Además, el alta rotación de los profesionales que están en estas aulas hace difícil el avance del alumnado, máxime cuando la mayoría se encuentran dentro del trastorno del espectro autista, y precisamente el que más necesitan son rutinas y un personal estable para aportarlos seguridad y poder avanzar. “La integración del alumnado que necesita más apoyo no puede quedarse escrito en un papel como es el decreto y la nueva orden de inclusión, tiene que ser real en [&hellip;]
