{"version":"1.0","provider_name":"Gonzalo Anaya","provider_url":"http:\/\/www.gonzaloanaya.com\/es\/","author_name":"Gonzalo Anaya","author_url":"http:\/\/www.gonzaloanaya.com\/es\/author\/gonzalo-anaya\/","title":"No queremos que desaparezca la filosof\u00eda del curriculum | Gonzalo Anaya","type":"rich","width":600,"height":338,"html":"<blockquote class=\"wp-embedded-content\" data-secret=\"wscN1ENZwM\"><a href=\"http:\/\/www.gonzaloanaya.com\/es\/2017\/06\/07\/no-queremos-que-desaparezca-filosofia-curriculum\/\">No queremos que desaparezca la filosof\u00eda del curriculum<\/a><\/blockquote><iframe sandbox=\"allow-scripts\" security=\"restricted\" src=\"http:\/\/www.gonzaloanaya.com\/es\/2017\/06\/07\/no-queremos-que-desaparezca-filosofia-curriculum\/embed\/#?secret=wscN1ENZwM\" width=\"600\" height=\"338\" title=\"\u00abNo queremos que desaparezca la filosof\u00eda del curriculum\u00bb \u2014 Gonzalo Anaya\" data-secret=\"wscN1ENZwM\" frameborder=\"0\" marginwidth=\"0\" marginheight=\"0\" scrolling=\"no\" class=\"wp-embedded-content\"><\/iframe><script type=\"text\/javascript\">\n\/*! This file is auto-generated *\/\n!function(c,d){\"use strict\";var e=!1,o=!1;if(d.querySelector)if(c.addEventListener)e=!0;if(c.wp=c.wp||{},c.wp.receiveEmbedMessage);else if(c.wp.receiveEmbedMessage=function(e){var t=e.data;if(!t);else if(!(t.secret||t.message||t.value));else if(\/[^a-zA-Z0-9]\/.test(t.secret));else{for(var r,s,a,i=d.querySelectorAll('iframe[data-secret=\"'+t.secret+'\"]'),n=d.querySelectorAll('blockquote[data-secret=\"'+t.secret+'\"]'),o=new RegExp(\"^https?:$\",\"i\"),l=0;l<n.length;l++)n[l].style.display=\"none\";for(l=0;l<i.length;l++)if(r=i[l],e.source!==r.contentWindow);else{if(r.removeAttribute(\"style\"),\"height\"===t.message){if(1e3<(s=parseInt(t.value,10)))s=1e3;else if(~~s<200)s=200;r.height=s}if(\"link\"===t.message)if(s=d.createElement(\"a\"),a=d.createElement(\"a\"),s.href=r.getAttribute(\"src\"),a.href=t.value,!o.test(a.protocol));else if(a.host===s.host)if(d.activeElement===r)c.top.location.href=t.value}}},e)c.addEventListener(\"message\",c.wp.receiveEmbedMessage,!1),d.addEventListener(\"DOMContentLoaded\",t,!1),c.addEventListener(\"load\",t,!1);function t(){if(o);else{o=!0;for(var e,t,r,s=-1!==navigator.appVersion.indexOf(\"MSIE 10\"),a=!!navigator.userAgent.match(\/Trident.*rv:11\\.\/),i=d.querySelectorAll(\"iframe.wp-embedded-content\"),n=0;n<i.length;n++){if(!(r=(t=i[n]).getAttribute(\"data-secret\")))r=Math.random().toString(36).substr(2,10),t.src+=\"#?secret=\"+r,t.setAttribute(\"data-secret\",r);if(s||a)(e=t.cloneNode(!0)).removeAttribute(\"security\"),t.parentNode.replaceChild(e,t);t.contentWindow.postMessage({message:\"ready\",secret:r},\"*\")}}}}(window,document);\n<\/script>\n","thumbnail_url":"https:\/\/www.gonzaloanaya.com\/wp-content\/uploads\/2017\/06\/Plataforma-defensa-filosof\u00eda-cortada.jpg","thumbnail_width":1536,"thumbnail_height":928,"description":"Creemos en una ense\u00f1anza p\u00fablica de calidad, por este motivo, exigimos al gobierno auton\u00f3mico que la asignatura de filosof\u00eda deje de ser optativa para ser obligatoria en 4\u00ba de la ESO y en 2\u00ba de bachillerato. Entendemos que el contenido de esta materia es indispensable para la formaci\u00f3n de nuestros hijos e hijas, no solo a nivel acad\u00e9mico, sino tambi\u00e9n a nivel personal. \u201cM\u00e1s all\u00e1 de los conocimientos, creemos en una ense\u00f1anza p\u00fablica que forme a personas, creemos en una educaci\u00f3n que prepare a nuestros hijos e hijas para que sean capaces de crear una sociedad mejor y para que tengan las herramientas necesarias que les garanticen un futuro m\u00e1s seguro\u201d, declara el Presidente de la Confederaci\u00f3n, Ra\u00fal Al\u00f3s, qui\u00e9n se reuni\u00f3 ayer con \u00c1ngel Vallejo, representante de la plataforma que defiende la permanencia de la asignatura en la educaci\u00f3n secundaria y bachiller para conocer de primera mano cu\u00e1l era la situaci\u00f3n. Consideramos que es urgente que la Conselleria d\u2019Educaci\u00f3 modifique el curriculum de educaci\u00f3n secundaria y el de bachillerato para que la asignatura de filosof\u00eda sea de car\u00e1cter obligatoria el pr\u00f3ximo curso, y no optativa como contempla la LOMCE. Entendemos que si el pr\u00f3ximo a\u00f1o, la filosof\u00eda apenas pondera [&hellip;]"}

No queremos que desaparezca la filosofía del curriculum | Gonzalo Anaya

<blockquote class="wp-embedded-content" data-secret="wscN1ENZwM"><a href="http://www.gonzaloanaya.com/es/2017/06/07/no-queremos-que-desaparezca-filosofia-curriculum/">No queremos que desaparezca la filosofía del curriculum</a></blockquote><iframe sandbox="allow-scripts" security="restricted" src="http://www.gonzaloanaya.com/es/2017/06/07/no-queremos-que-desaparezca-filosofia-curriculum/embed/#?secret=wscN1ENZwM" width="600" height="338" title="«No queremos que desaparezca la filosofía del curriculum» — Gonzalo Anaya" data-secret="wscN1ENZwM" frameborder="0" marginwidth="0" marginheight="0" scrolling="no" class="wp-embedded-content"></iframe><script type="text/javascript">
/*! This file is auto-generated */
!function(c,d){"use strict";var e=!1,o=!1;if(d.querySelector)if(c.addEventListener)e=!0;if(c.wp=c.wp||{},c.wp.receiveEmbedMessage);else if(c.wp.receiveEmbedMessage=function(e){var t=e.data;if(!t);else if(!(t.secret||t.message||t.value));else if(/[^a-zA-Z0-9]/.test(t.secret));else{for(var r,s,a,i=d.querySelectorAll('iframe[data-secret="'+t.secret+'"]'),n=d.querySelectorAll('blockquote[data-secret="'+t.secret+'"]'),o=new RegExp("^https?:$","i"),l=0;l<n.length;l++)n[l].style.display="none";for(l=0;l<i.length;l++)if(r=i[l],e.source!==r.contentWindow);else{if(r.removeAttribute("style"),"height"===t.message){if(1e3<(s=parseInt(t.value,10)))s=1e3;else if(~~s<200)s=200;r.height=s}if("link"===t.message)if(s=d.createElement("a"),a=d.createElement("a"),s.href=r.getAttribute("src"),a.href=t.value,!o.test(a.protocol));else if(a.host===s.host)if(d.activeElement===r)c.top.location.href=t.value}}},e)c.addEventListener("message",c.wp.receiveEmbedMessage,!1),d.addEventListener("DOMContentLoaded",t,!1),c.addEventListener("load",t,!1);function t(){if(o);else{o=!0;for(var e,t,r,s=-1!==navigator.appVersion.indexOf("MSIE 10"),a=!!navigator.userAgent.match(/Trident.*rv:11\./),i=d.querySelectorAll("iframe.wp-embedded-content"),n=0;n<i.length;n++){if(!(r=(t=i[n]).getAttribute("data-secret")))r=Math.random().toString(36).substr(2,10),t.src+="#?secret="+r,t.setAttribute("data-secret",r);if(s||a)(e=t.cloneNode(!0)).removeAttribute("security"),t.parentNode.replaceChild(e,t);t.contentWindow.postMessage({message:"ready",secret:r},"*")}}}}(window,document);
</script>

https://www.gonzaloanaya.com/wp-content/uploads/2017/06/Plataforma-defensa-filosofía-cortada.jpg

Creemos en una enseñanza pública de calidad, por este motivo, exigimos al gobierno autonómico que la asignatura de filosofía deje de ser optativa para ser obligatoria en 4º de la ESO y en 2º de bachillerato. Entendemos que el contenido de esta materia es indispensable para la formación de nuestros hijos e hijas, no solo a nivel académico, sino también a nivel personal. “Más allá de los conocimientos, creemos en una enseñanza pública que forme a personas, creemos en una educación que prepare a nuestros hijos e hijas para que sean capaces de crear una sociedad mejor y para que tengan las herramientas necesarias que les garanticen un futuro más seguro”, declara el Presidente de la Confederación, Raúl Alós, quién se reunió ayer con Ángel Vallejo, representante de la plataforma que defiende la permanencia de la asignatura en la educación secundaria y bachiller para conocer de primera mano cuál era la situación. Consideramos que es urgente que la Conselleria d’Educació modifique el curriculum de educación secundaria y el de bachillerato para que la asignatura de filosofía sea de carácter obligatoria el próximo curso, y no optativa como contempla la LOMCE. Entendemos que si el próximo año, la filosofía apenas pondera [&hellip;]
